{"id":463,"date":"2024-03-16T15:41:08","date_gmt":"2024-03-16T14:41:08","guid":{"rendered":"https:\/\/nettsidefabrikk.no\/?page_id=463"},"modified":"2024-04-03T19:45:17","modified_gmt":"2024-04-03T17:45:17","slug":"se-hvordan-nettsiden-din-vil-se-ut","status":"publish","type":"page","link":"https:\/\/nettsidefabrikk.no\/index.php\/se-hvordan-nettsiden-din-vil-se-ut\/","title":{"rendered":"Se hvordan nettsiden din vil se ut!"},"content":{"rendered":"\n<div class=\"wp-block-uagb-container uagb-block-86916f07 alignfull uagb-is-root-container\"><div class=\"uagb-container-inner-blocks-wrap\">\n<div style=\"height:23px\" aria-hidden=\"true\" class=\"eplus-wrapper wp-block-spacer\"><\/div>\n<\/div><\/div>\n\n\n\n<div class=\"wp-block-uagb-advanced-heading uagb-block-99078cc4\"><h2 class=\"uagb-heading-text\"><mark style=\"background-color:rgba(0, 0, 0, 0);color:#2e3f37\" class=\"has-inline-color\">Se <strong>gratis<\/strong> hvordan nettsiden din vil se ut!<\/mark><\/h2><\/div>\n\n\n\n<p class=\"eplus-wrapper has-text-align-center\"><mark style=\"background-color:rgba(0, 0, 0, 0);color:#4b5563\" class=\"has-inline-color\">Fyll ut skjemaet nedenfor og f\u00e5 ditt uforpliktende nettsideutkast innen 24-48 timer!<\/mark><\/p>\n\n\n\n<div class=\"wp-block-uagb-container uagb-block-88c4464e alignfull uagb-is-root-container\"><div class=\"uagb-container-inner-blocks-wrap\">\n<div style=\"height:0px\" aria-hidden=\"true\" class=\"eplus-wrapper wp-block-spacer\"><\/div>\n<\/div><\/div>\n\n\n\n<div class=\"forminator-guttenberg\"><div class=\"forminator-ui forminator-custom-form forminator-custom-form-502 forminator-design--default  forminator_ajax\" data-forminator-render=\"0\" data-form=\"forminator-module-502\" data-uid=\"69f511248999f\"><br\/><\/div><form\n\t\t\t\tid=\"forminator-module-502\"\n\t\t\t\tclass=\"forminator-ui forminator-custom-form forminator-custom-form-502 forminator-design--default  forminator_ajax\"\n\t\t\t\tmethod=\"post\"\n\t\t\t\tdata-forminator-render=\"0\"\n\t\t\t\tdata-form-id=\"502\"\n\t\t\t\t\n\t\t\t\tdata-design=\"default\"\n\t\t\t\t\n\t\t\t\t\n\t\t\t\t\n\t\t\t\tdata-grid=\"open\"\n\t\t\t\t\n\t\t\t\t\n\t\t\t\tstyle=\"display: none;\"\n\t\t\t\t\n\t\t\t\tdata-uid=\"69f511248999f\"\n\t\t\t><div role=\"alert\" aria-live=\"polite\" class=\"forminator-response-message forminator-error\" aria-hidden=\"true\"><\/div><div class=\"forminator-row\"><div id=\"name-1\" class=\"forminator-field-name forminator-col forminator-col-12 \"><div class=\"forminator-field\"><label for=\"forminator-field-name-1_69f511248999f\" id=\"forminator-field-name-1_69f511248999f-label\" class=\"forminator-label\">Navn <span class=\"forminator-required\">*<\/span><\/label><input type=\"text\" name=\"name-1\" value=\"\" placeholder=\"Ola Nordmann\" id=\"forminator-field-name-1_69f511248999f\" class=\"forminator-input forminator-name--field\" aria-required=\"true\" \/><\/div><\/div><\/div><div class=\"forminator-row\"><div id=\"phone-1\" class=\"forminator-field-phone forminator-col forminator-col-6 \"><div class=\"forminator-field\"><label for=\"forminator-field-phone-1_69f511248999f\" id=\"forminator-field-phone-1_69f511248999f-label\" class=\"forminator-label\">Telefonnummer <span class=\"forminator-required\">*<\/span><\/label><input type=\"text\" name=\"phone-1\" value=\"\" placeholder=\"Hva er telefonnummeret ditt?\" id=\"forminator-field-phone-1_69f511248999f\" class=\"forminator-input forminator-field--phone\" data-required=\"1\" aria-required=\"true\" autocomplete=\"off\" \/><\/div><\/div><div id=\"email-1\" class=\"forminator-field-email forminator-col forminator-col-6 \"><div class=\"forminator-field\"><label for=\"forminator-field-email-1_69f511248999f\" id=\"forminator-field-email-1_69f511248999f-label\" class=\"forminator-label\">E-Post <span class=\"forminator-required\">*<\/span><\/label><input type=\"email\" name=\"email-1\" value=\"\" placeholder=\"olanordmann@gmail.com\" id=\"forminator-field-email-1_69f511248999f\" class=\"forminator-input forminator-email--field\" data-required=\"true\" aria-required=\"true\" \/><\/div><\/div><\/div><div class=\"forminator-row\"><div id=\"name-2\" class=\"forminator-field-name forminator-col forminator-col-12 \"><div class=\"forminator-field\"><label for=\"forminator-field-name-2_69f511248999f\" id=\"forminator-field-name-2_69f511248999f-label\" class=\"forminator-label\">Firma <span class=\"forminator-required\">*<\/span><\/label><input type=\"text\" name=\"name-2\" value=\"\" placeholder=\"Hvilket firma skal ha nettsiden?\" id=\"forminator-field-name-2_69f511248999f\" class=\"forminator-input forminator-name--field\" aria-required=\"true\" \/><\/div><\/div><\/div><div class=\"forminator-row\"><div id=\"textarea-1\" class=\"forminator-field-textarea forminator-col forminator-col-12 \"><div class=\"forminator-field\"><label for=\"forminator-field-textarea-1_69f511248999f\" id=\"forminator-field-textarea-1_69f511248999f-label\" class=\"forminator-label\">Fortell oss gjerne litt om hva bedriften din tilbyr eller gj\u00f8r. <span class=\"forminator-required\">*<\/span><\/label><textarea name=\"textarea-1\" placeholder=\"Desto mer informasjon du gir oss, desto mer n\u00f8yaktig og bedre blir utkastet vi sender deg!\" id=\"forminator-field-textarea-1_69f511248999f\" class=\"forminator-textarea\" rows=\"6\" style=\"min-height:140px;\" maxlength=\"180\" ><\/textarea><span id=\"forminator-field-textarea-1_69f511248999f-description\" class=\"forminator-description\"><span data-limit=\"180\" data-type=\"characters\">0 \/ 180<\/span><\/span><\/div><\/div><\/div><div class=\"forminator-row\"><div id=\"checkbox-1\" class=\"forminator-field-checkbox forminator-col forminator-col-12 \"><div role=\"group\" class=\"forminator-field required\" aria-labelledby=\"forminator-checkbox-group-69f511248999f-label\"><h4 id=\"forminator-checkbox-group-69f511248999f-label\" class=\"forminator-label\">Jeg godtar at opplysningene brukes til kontakt <span class=\"forminator-required\">*<\/span><\/h4><label id=\"forminator-field-checkbox-1-1-69f511248999f-label\" for=\"forminator-field-checkbox-1-1-69f511248999f\" class=\"forminator-checkbox\" title=\"Ja\"><input type=\"checkbox\" name=\"checkbox-1[]\" value=\"one\" id=\"forminator-field-checkbox-1-1-69f511248999f\" aria-labelledby=\"forminator-field-checkbox-1-1-69f511248999f-label\" data-calculation=\"0\"   data-hidden-behavior=\"zero\" aria-describedby=\"forminator-field-checkbox-1-69f511248999f-description\"\/><span class=\"forminator-checkbox-box\" aria-hidden=\"true\"><\/span><span class=\"forminator-checkbox-label\">Ja<\/span><\/label><label id=\"forminator-field-checkbox-1-2-69f511248999f-label\" for=\"forminator-field-checkbox-1-2-69f511248999f\" class=\"forminator-checkbox\" title=\"Nei\"><input type=\"checkbox\" name=\"checkbox-1[]\" value=\"two\" id=\"forminator-field-checkbox-1-2-69f511248999f\" aria-labelledby=\"forminator-field-checkbox-1-2-69f511248999f-label\" data-calculation=\"0\"   data-hidden-behavior=\"zero\" aria-describedby=\"forminator-field-checkbox-1-69f511248999f-description\"\/><span class=\"forminator-checkbox-box\" aria-hidden=\"true\"><\/span><span class=\"forminator-checkbox-label\">Nei<\/span><\/label><\/div><\/div><\/div><input type=\"hidden\" name=\"referer_url\" value=\"\" \/><div class=\"forminator-row forminator-row-last\"><div class=\"forminator-col\"><div class=\"forminator-field\"><button class=\"forminator-button forminator-button-submit\">Send inn<\/button><\/div><\/div><\/div><input type=\"hidden\" id=\"forminator_nonce\" name=\"forminator_nonce\" value=\"423918c924\" \/><input type=\"hidden\" name=\"_wp_http_referer\" value=\"\/index.php\/wp-json\/wp\/v2\/pages\/463\" \/><input type=\"hidden\" name=\"form_id\" value=\"502\"><input type=\"hidden\" name=\"page_id\" value=\"463\"><input type=\"hidden\" name=\"form_type\" value=\"default\"><input type=\"hidden\" name=\"current_url\" value=\"https:\/\/nettsidefabrikk.no\/index.php\/se-hvordan-nettsiden-din-vil-se-ut\/\"><input type=\"hidden\" name=\"render_id\" value=\"0\"><input type=\"hidden\" name=\"action\" value=\"forminator_submit_form_custom-forms\"><\/form><\/div>\n\n\n\n<p class=\"eplus-wrapper has-text-align-center\"><strong><mark style=\"background-color:rgba(0, 0, 0, 0);color:#4b5563\" class=\"has-inline-color\">Les v\u00e5r personvernerkl\u00e6ring for mer informasjon om hvordan vi behandler dine opplysninger <\/mark>: <a href=\"https:\/\/files.gdprcontrol.no\/71d4e819-2500-4b75-bc17-394b0efbb1ad.html\">Personvernerkl\u00e6ring<\/a>.<\/strong><\/p>\n\n\n\n<div class=\"wp-block-uagb-container uagb-block-094e48da alignfull uagb-is-root-container\"><div class=\"uagb-container-inner-blocks-wrap\">\n<div style=\"height:9px\" aria-hidden=\"true\" class=\"eplus-wrapper wp-block-spacer\"><\/div>\n<\/div><\/div>\n\n\n\n<p class=\"eplus-wrapper\"><\/p>\n","protected":false},"excerpt":{"rendered":"<p>Se gratis hvordan nettsiden din vil se ut! Fyll ut skjemaet nedenfor og f\u00e5 ditt uforpliktende nettsideutkast innen 24-48 timer! Les v\u00e5r personvernerkl\u00e6ring for mer informasjon om hvordan vi behandler dine opplysninger : Personvernerkl\u00e6ring.<\/p>\n","protected":false},"author":1,"featured_media":0,"parent":0,"menu_order":0,"comment_status":"closed","ping_status":"closed","template":"","meta":{"_gspb_post_css":"","_uag_custom_page_level_css":"","editor_plus_copied_stylings":"{}","_monsterinsights_skip_tracking":false,"_monsterinsights_sitenote_active":false,"_monsterinsights_sitenote_note":"","_monsterinsights_sitenote_category":0,"_swt_meta_header_display":false,"_swt_meta_footer_display":false,"_swt_meta_site_title_display":true,"_swt_meta_sticky_header":false,"_swt_meta_transparent_header":false,"_themeisle_gutenberg_block_has_review":false,"footnotes":""},"aioseo_notices":[],"uagb_featured_image_src":{"full":false,"thumbnail":false,"medium":false,"medium_large":false,"large":false,"1536x1536":false,"2048x2048":false,"awb_sm":false,"awb_md":false,"awb_lg":false,"awb_xl":false},"uagb_author_info":{"display_name":"nettsidefabrikk.no","author_link":"https:\/\/nettsidefabrikk.no\/index.php\/author\/lightsalmon-hyena-550222-hostingersite-com\/"},"uagb_comment_info":0,"uagb_excerpt":"Se gratis hvordan nettsiden din vil se ut! Fyll ut skjemaet nedenfor og f\u00e5 ditt uforpliktende nettsideutkast innen 24-48 timer! Les v\u00e5r personvernerkl\u00e6ring for mer informasjon om hvordan vi behandler dine opplysninger : Personvernerkl\u00e6ring.","_links":{"self":[{"href":"https:\/\/nettsidefabrikk.no\/index.php\/wp-json\/wp\/v2\/pages\/463"}],"collection":[{"href":"https:\/\/nettsidefabrikk.no\/index.php\/wp-json\/wp\/v2\/pages"}],"about":[{"href":"https:\/\/nettsidefabrikk.no\/index.php\/wp-json\/wp\/v2\/types\/page"}],"author":[{"embeddable":true,"href":"https:\/\/nettsidefabrikk.no\/index.php\/wp-json\/wp\/v2\/users\/1"}],"replies":[{"embeddable":true,"href":"https:\/\/nettsidefabrikk.no\/index.php\/wp-json\/wp\/v2\/comments?post=463"}],"version-history":[{"count":27,"href":"https:\/\/nettsidefabrikk.no\/index.php\/wp-json\/wp\/v2\/pages\/463\/revisions"}],"predecessor-version":[{"id":722,"href":"https:\/\/nettsidefabrikk.no\/index.php\/wp-json\/wp\/v2\/pages\/463\/revisions\/722"}],"wp:attachment":[{"href":"https:\/\/nettsidefabrikk.no\/index.php\/wp-json\/wp\/v2\/media?parent=463"}],"curies":[{"name":"wp","href":"https:\/\/api.w.org\/{rel}","templated":true}]}}